8/(-8)). Let m be (0 + (w - 2))*-2. Is (m/3)/((-1)/(-6)) a composite number?
True
Suppose -4*r + 0*r = -3*h - 4518, 4*h + 2*r + 6024 = 0. Is (h/(-9))/(4/6) composite?
False
Let d be (-3)/(-5) + ((-42)/15)/(-2). Is (-1)/d*2456/(2 + -6) prime?
True
Let w be ((-24)/14)/((-7)/2009). Suppose 4*d - 236 - w = 0. Suppose b - 155 = d. Is b a prime number?
True
Suppose 1075792 - 350418 = 46*a. Is a composite?
True
Suppose 2*q + 5*t = 392, -2*q - 14*t + 392 = -15*t. Let i = 605 - q. Is i a composite number?
False
Let b = -68 - -57. Let y(z) = 6*z**2 + 22*z - 5. Is y(b) prime?
True
Suppose 5*f - 1199 - 711 = -2*n, -370 = -f + 2*n. Let i = 99 + f. Is i composite?
False
Let h(p) = -p + 21. Let v be h(17). Suppose 7*s - v*s = 609. Is s composite?
True
Let a be ((-12)/54*3)/((-3)/9). Suppose -5*i - a*i + 1477 = 0. Is i prime?
True
Let n(l) = 255*l + 27. Let m be n(20). Suppose -7*o + m = -6556. Is o a composite number?
False
Let v(r) = r**2 + 5*r - 12. Let k = -5 + -1. Let l be v(k). Is (-718)/(-6) + l/9 composite?
True
Suppose -5*x - 5*p = -2*p - 52790, x - 10586 = 5*p. Is x prime?
False
Suppose -11*c + 7*c = -16. Let o(v) = 133*v + 9. Is o(c) prime?
True
Let v(s) = 2*s**2 - 10*s + 27. Let w be v(6). Suppose -5*y = 0, -4*f - y = -35 - 37. Let u = w - f. Is u a prime number?
False
Let x(f) = 6*f**2 + f - 4. Let y be 2 + 1 + -3 - -6. Let g be (y/(-4))/(10/(-20)). Is x(g) a composite number?
False
Let b = 20 - 33. Let n = b - -15. Suppose -i = n*r + 4*i - 848, 5*i - 1686 = -4*r. Is r a prime number?
True
Let c(i) = i**2 + 3*i + 15. Let j be c(7). Suppose x - j = -5*n, -2*x + 5*n + 106 = -94. Is x prime?
False
Let t be (-1)/(-1) - (-2 - -1). Suppose -2*f - 3*v + 3413 = t*f, -2556 = -3*f - v. Is f prime?
False
Let u be (-1 - -2)*-3*-2. Suppose 0 = -5*d - 3*y + 167 - u, -3*y = -2*d + 56. Is d a prime number?
True
Suppose 79*k + 8884 = 83*k. Is k prime?
True
Suppose -a = a + 40. Let j = a + 22. Suppose 1095 = 5*u - 5*d, -j*u - d - 888 = -6*u. Is u a prime number?
True
Is 517299/(-5)*(-13)/(507/65) a composite number?
False
Let s(i) = -382*i**3 + i**2 - i - 29. Is s(-4) a composite number?
False
Let s(d) = 2192*d - 52. Let v be s(4). Suppose 4*t - v = -0*t. Is t composite?
False
Let f = 39 + -105. Let o = 37 - f. Suppose -4*s - 125 = -5*j, s = 4*j - o + 14. Is j composite?
True
Is (-2)/2*-2*(-5907)/(-6) prime?
False
Suppose -42 = -2*g - 4*h, -2*g + 48 = g + h. Let b = -15 + g. Suppose -i + o = -124, b = i - o + 5*o - 139. Is i a composite number?
False
Is 0 - 5 - (-6367 - 87) prime?
True
Let f(v) = 11635*v - 4. Is f(1) prime?
False
Let g = 9489 + -6403. Let c = -1953 + g. Is c a composite number?
True
Suppose 0 = -7*f + 38082 + 21985. Is f a composite number?
False
Suppose -2*x = 2*o - 10124 + 3426, 3*x = 4*o - 13424. Is o composite?
True
Is (7 + -8)*(-14031)/(6 - 3) a composite number?
True
Let p be -254 - -1 - (-2 - 1). Let b = p + 615. Is b composite?
True
Let d be 900/(-1)*-2*9/4. Let l = 5671 - d. Is l a composite number?
False
Let p = -6 + 3. Let v be (3/9)/(1/p). Let f(j) = -15*j**3 - j**2. Is f(v) a composite number?
True
Suppose -2*a - 5 = -t - 3, 10 = -a - 4*t. Let g be (-60)/(-25) - a/(-5). Suppose -2*r + r + 3*n = -127, -r - g*n + 152 = 0. Is r a prime number?
False
Let v be 18/(-3 - (-6 + 1)). Suppose -2*r = -3*m + v, -3 + 10 = 4*m - r. Is m/((6/382)/3) a composite number?
False
Is -1 + (-3)/(-2) - 203820/(-8) composite?
True
Let j(n) = 58*n**2 + 3*n + 5. Let a be j(7). Let f = -919 + a. Is f prime?
True
Let c(f) = 4*f**3 + 3*f**2 + 3*f + 1. Let p be c(3). Suppose 4*a + 90 = 5*a. Let b = p - a. Is b prime?
False
Suppose -4*q + 2484 + 152 = 0. Is q a composite number?
False
Let n be (-1 - (-1 - 3))*151. Suppose p = -2*h + 111, 2*h + 102 = 5*p - n. Is p composite?
True
Let j = -328 - -982. Let i = -1 + 1. Suppose i*v = 3*v - j. Is v a composite number?
True
Let b be (-116)/(-30) - 4/(-30). Let p be 48 - (-3 - -2) - b. Is 19674/p - (-2)/(-10) prime?
False
Let o(l) = l**3 + 5*l**2 - 7*l - 6. Let x be o(-6). Suppose 0 = -88*t + 203 + 325. Is 44 + x - 6/t composite?
False
Suppose -5*n = 2*f - 9539, -16*n + 4*f + 7648 = -12*n. Is n composite?
True
Let u(j) = 118*j**2 + 3*j - 5. Suppose 2*p - d = 4, 0 = d + 2*d - 12. Is u(p) prime?
False
Let t(w) = 3*w - 13. Let f be t(3). Is (-3)/f*(-7)/(35/(-2620)) a prime number?
False
Let k = -176 - -229. Is k a prime number?
True
Suppose b - 261213 = -5*w, -2*w + 30*b - 29*b + 104488 = 0. Is w a composite number?
True
Let j = 66267 - 20530. Is j a prime number?
True
Suppose -5*b - 30 = -2*x, -b + 2*b - 16 = -4*x. Let r = -4 - b. Suppose -3*j + 350 + 409 = r. Is j a composite number?
True
Suppose 3*c - 14864 = 4885. Is c a prime number?
False
Let u be (22/(-3))/(2/(-105)). Let t be (-4)/6 - u/(-15). Suppose i = -4*w + 48 + t, 303 = 4*i + 5*w. Is i a composite number?
True
Suppose 48*c - 37308 = 36*c. Is c prime?
True
Suppose -c + 3*s = -5, s - 7 = -2*c + 3. Suppose c*k - 9 = u, -3*k = -8*k - 2*u + 12. Is (-134)/(-4)*(0 + k) a prime number?
True
Is ((-24)/(-108) - (-41666)/18) + 0 a composite number?
True
Let k = 4750 + -1165. Suppose -5*l = -k - 2270. Is l a prime number?
True
Let h(s) = 6*s**3 + 2*s**2 + 3*s + 2. Let i be h(-1). Let a be -1 - (i - -4)*7. Suppose -a*z + 3465 - 531 = 0. Is z composite?
True
Let f(j) = 20*j**2 + 39*j + 35. Is f(-18) a prime number?
True
Let v = 257 - -808. Suppose -10*h = -15*h + v. Is h a composite number?
True
Let r(p) = -2*p - 9. Let h be r(-9). Is (-2)/h + -7978*1/(-18) composite?
False
Suppose 4*q - 3*j = 6198, -4320 = -4*q - 4*j + 1892. Suppose -2*o + d + q + 156 = 0, -2*o = 5*d - 1701. Is o a prime number?
True
Let l(y) be the second derivative of 11*y**7/2520 - y**6/144 - y**5/24 - 5*y**4/12 - 6*y. Let p(v) be the third derivative of l(v). Is p(-4) a prime number?
True
Suppose 129004 = 5*i - 21801. Is i prime?
True
Let h be 1/4 - (-4)/(-16). Let d be h + 0 - (-11 + 68). Let c = d + 94. Is c a prime number?
True
Let y(q) = 2*q - 3. Let r be y(7). Suppose r = -2*k + 1553. Suppose 0*m - 3*m + k = 0. Is m a prime number?
True
Let u(m) = 1008*m + 195. Is u(6) prime?
False
Let t = -307 - -311. Suppose -1294 = -5*f + 986. Suppose 0 = -t*q - 3*x + 432, 4*q = 2*x + x + f. Is q a prime number?
False
Suppose 2*d + 0*d + 8 = -2*l, 5*d = l + 4. Let i be -1*(-1 + -1) - 0. Suppose 3*m + 125 = g - 0*m, i*g - 2*m - 234 = d. Is g prime?
True
Let s = -83 + 140. Suppose -s = 5*y - 152. Suppose -5*z - y = -2*n, z - 10 = -z. Is n prime?
False
Suppose 5*j - 1492 = -4*s, -2*s + 187 + 559 = 2*j. Is s composite?
False
Suppose -2*m - 34 = 5*a, 4*a + 84 + 18 = -5*m. Let x = -12 - m. Is x prime?
False
Suppose 0 = j - 6*j, -4*j - 25 = -5*q. Suppose -5*b = -25, 0 = r + q*b + 245 - 827. Is r a composite number?
False
Let o be 3/(-12) + 1030/(-8). Let q = -92 - o. Is q composite?
False
Let k(n) = -n**2 - 8*n - 5. Let d be k(-4). Let o(u) = 12*u + 1. Is o(d) a composite number?
True
Suppose -2*t - 48835 = -7*t. Is t composite?
False
Let u = -516 - -2039. Is u a composite number?
False
Let b(l) = -4*l - 3. Let r be b(1). Let c(h) = -h**3 + 2*h**2 - 9*h - 1. Is c(r) a composite number?
False
Let i = -52 + 55. Suppose -3393 = u - 6*u - i*r, -4*r + 3389 = 5*u. Is u a prime number?
False
Suppose -2*j = 2*b + 3*j - 19544, -b + 2*j = -9763. Is b a composite number?
False
Let b(h) = 3*h**3 + 9*h**2 + h - 7. Let c(y) = -y**3 - y**2 - y + 1. Let q(v) = -b(v) - 4*c(v). Is q(6) prime?
False
Is -13 - -11 - (-4)/((-12)/(-12009)) prime?
True
Suppose 7430 = -g + 6*g. Is (5 - 3)/(4/g) composite?
False
Let x be (4 - 14)*2056/(-10). Suppose -3*o + x = o. Suppose v - o = -v. Is v a prime number?
True
Let m(z) be the second derivative of -z**5/15 - z**4/12 - z**3/2 + 4*z. Let s(g) be the second derivative of m(g). Is s(-11) a prime number?
False
Let n(s) = 43*s**2 - 9*s - 13. Is n(9) prime?
True
Let o be -2 + 2584 - -4*(-3)/(-3). Is 7/((-7752)/o - -1*3) prime?
False
Suppose 0 = -53*m + 1477762 + 2346771. Is m a composite number?
False
Let m(l) = 6361*l**3 + l**2 + l - 1. Is m(1) a composite number?
True
Suppose 6*s + 8 = -4. Is -5 + 78 - (6 + s) a prime number?
False
Suppose -2*x + 4*x - 4 = 0. Suppose -x*p = -7*p + 2035. Is p a prime number?
False
Let t = -10343 + 30390. Is t a composite number?
False
Let a = 1 + -15. Let w = -15 - 